rue
Is 1109249 a multiple of 239?
False
Is 46 a factor of 537289?
False
Does 48 divide 13604?
False
Does 1061 divide 8929273?
False
Is 5187570 a multiple of 95?
True
Does 7 divide 54198?
False
Is 62 a factor of 938019?
False
Is 8096906 a multiple of 28?
False
Is 250 a factor of 294250?
True
Does 188 divide 158870?
False
Is 2 a factor of 2424?
True
Is 3 a factor of 4309?
False
Is 15040 a multiple of 8?
True
Is 23 a factor of 14114?
False
Is 2111172 a multiple of 293?
False
Is 213354 a multiple of 6?
True
Does 172 divide 396511?
False
Does 308 divide 10734419?
False
Is 13 a factor of 157794?
True
Is 468161 a multiple of 37?
True
Is 32 a factor of 6222240?
True
Is 135590 a multiple of 130?
True
Is 325 a factor of 728975?
True
Is 24262035 a multiple of 105?
True
Is 13521217 a multiple of 437?
True
Does 328 divide 26372?
False
Is 46083 a multiple of 63?
False
Is 15983 a multiple of 148?
False
Does 180 divide 2730420?
True
Is 330 a factor of 1263129?
False
Does 7 divide 10333193?
False
Does 25 divide 440357?
False
Does 337 divide 2039187?
True
Is 324 a factor of 11664?
True
Is 11 a factor of 5001095?
True
Is 122 a factor of 52356?
False
Does 9 divide 385551?
True
Does 156 divide 63180?
True
Does 513 divide 58995?
True
Is 389041 a multiple of 280?
False
Is 59307 a multiple of 53?
True
Does 375 divide 1621877?
False
Is 198 a factor of 3604788?
True
Is 14 a factor of 1841927?
False
Is 50 a factor of 78441?
False
Is 143315 a multiple of 9?
False
Is 197 a factor of 424950?
False
Is 16 a factor of 1822520?
False
Is 33922220 a multiple of 20?
True
Is 14952022 a multiple of 24?
False
Does 93 divide 363816?
True
Is 123470 a multiple of 10?
True
Is 22 a factor of 2438326?
True
Is 543 a factor of 311139?
True
Does 11 divide 1791522?
False
Is 6620352 a multiple of 1189?
True
Is 2601319 a multiple of 956?
False
Is 367499 even?
False
Is 343 a factor of 8680644?
True
Is 91 a factor of 78297?
False
Does 7 divide 101650?
False
Does 51 divide 480369?
True
Is 150306 a multiple of 123?
True
Does 91 divide 1262352?
True
Is 66 a factor of 159619?
False
Does 22 divide 17292?
True
Is 16 a factor of 3436943?
False
Is 38821 a multiple of 2?
False
Is 5 a factor of 27697?
False
Is 356104 a multiple of 133?
False
Does 23 divide 41883?
True
Is 86 a factor of 11524?
True
Is 4012 a multiple of 6?
False
Does 131 divide 11921?
True
Does 129 divide 4055364?
False
Does 94 divide 1806304?
True
Is 896011 a multiple of 99?
False
Does 37 divide 701742?
True
Is 358 a factor of 170603?
False
Is 7083 a multiple of 13?
False
Does 614 divide 315433?
False
Is 15 a factor of 2540167?
False
Is 70417 a multiple of 136?
False
Is 222 a factor of 1556886?
True
Does 10 divide 81500?
True
Is 16156765 a multiple of 53?
False
Does 26 divide 2100471?
False
Does 9 divide 466047?
True
Is 1386749 a multiple of 343?
True
Is 129 a factor of 115521?
False
Is 87 a factor of 5573452?
False
Is 27170 a multiple of 95?
True
Is 237388 a multiple of 5?
False
Is 650400 a multiple of 12?
True
Is 1369 a factor of 2141116?
True
Does 276 divide 9660?
True
Does 328 divide 160720?
True
Does 110 divide 161863?
False
Is 6 a factor of 24978?
True
Does 59 divide 411914?
False
Is 897 a factor of 12399359?
False
Is 1048293 a multiple of 821?
False
Is 25816 a multiple of 17?
False
Is 360513 a multiple of 7?
False
Is 876 a factor of 12439202?
False
Is 2945003 a multiple of 4?
False
Does 603 divide 4740786?
True
Does 140 divide 21280?
True
Does 2 divide 829022?
True
Is 188461 a multiple of 89?
False
Is 68908 a multiple of 7?
True
Is 27 a factor of 144896?
False
Is 53989 a multiple of 33?
False
Is 387118 a multiple of 112?
False
Is 55 a factor of 35352?
False
Is 3963610 a multiple of 8?
False
Does 376 divide 1928504?
True
Is 64864 a multiple of 176?
False
Is 415829 a multiple of 269?
False
Does 115 divide 1409193?
False
Does 115 divide 170723?
False
Does 65 divide 15600?
True
Is 586739 a multiple of 132?
False
Does 326 divide 366295?
False
Is 48 a factor of 1316589?
False
Does 326 divide 2199196?
True
Is 27 a factor of 435969?
True
Does 10 divide 78449?
False
Is 2983953 a multiple of 7?
True
Is 19 a factor of 193002?
True
Is 117 a factor of 69030?
True
Does 1100 divide 970604?
False
Is 27 a factor of 320949?
True
Is 252 a factor of 166572?
True
Is 179088 a multiple of 13?
True
Does 325 divide 182871?
False
Is 188 a factor of 373325?
False
Is 6 a factor of 1048041?
False
Is 43 a factor of 479192?
True
Does 31 divide 11802599?
True
Is 148557 a multiple of 178?
False
Is 3973817 a multiple of 114?
False
Is 78 a factor of 1384890?
True
Is 457 a factor of 1607269?
True
Is 29 a factor of 55854?
True
Does 66 divide 185593?
False
Is 41553 a multiple of 2?
False
Is 58 a factor of 6178607?
False
Is 7453440 a multiple of 13?
False
Is 27088827 a multiple of 22?
False
Is 208701 a multiple of 52?
False
Does 130 divide 9697350?
True
Does 76 divide 1191470?
False
Is 56133 a multiple of 11?
True
Is 162777 a multiple of 29?
True
Does 117 divide 2585115?
True
Is 187 a factor of 1200166?
True
Is 958 a factor of 6328548?
True
Is 43185 a multiple of 32?
False
Does 389 divide 1951613?
True
Is 3 a factor of 54161?
False
Does 11 divide 1101840?
False
Is 424328 a multiple of 93?
False
Does 4 divide 4046104?
True
Is 48 a factor of 34648?
False
Is 1859520 a multiple of 10?
True
Is 81 a factor of 41948?
False
Does 182 divide 214452?
False
Does 26 divide 4292314?
True
Does 78 divide 288767?
False
Is 7 a factor of 692?
False
Does 133 divide 276840?
False
Is 1350 a factor of 28745550?
True
Does 108 divide 5036148?
True
Does 727 divide 1096375?
False
Does 14 divide 77935?
False
Does 21 divide 2743835?
False
Is 51 a factor of 587168?
False
Does 10 divide 3310?
True
Does 105 divide 1952778?
False
Is 230 a factor of 416683?
False
Is 6 a factor of 253007?
False
Does 9 divide 145494?
True
Is 460788 a multiple of 564?
True
Does 71 divide 47770?
False
Is 726 a factor of 231774?
False
Does 596 divide 1969184?
True
Does 113 divide 1605889?
False
Does 33 divide 221892?
True
Does 206 divide 154644?
False
Is 112 a factor of 462289?
False
Is 61656 a multiple of 21?
True
Is 325822 a multiple of 259?
True
Is 38 a factor of 1491804?
True
Does 92 divide 947044?
False
Is 55 a factor of 605000?
True
Does 120 divide 8326795?
False
Is 541 a factor of 365448?
False
Is 51 a factor of 21879?
True
Does 232 divide 653776?
True
Is 11 a factor of 287837?
True
Is 9 a factor of 230024?
False
Does 130 divide 8166600?
True
Is 5 a factor of 66330?
True
Is 516347 a multiple of 461?
False
Is 1804208 a multiple of 28?
True
Is 32 a factor of 185895?
False
Does 15 divide 248445?
True
Is 44159 a multiple of 22?
False
Is 446747 a multiple of 300?
False
Does 57 divide 7104397?
False
Does 7 divide 11721?
False
Does 61 divide 8429887?
False
Is 6 a factor of 17419?
False
Does 12 divide 6900?
True
Does 46 divide 2551988?
True
Is 1180067 a multiple of 26?
False
Is 21343721 a multiple of 102?
False
Is 14423325 a multiple of 249?
True
Is 124803 a multiple of 21?
True
Does 9 divide 86914?
False
Is 44174 a multiple of 26?
True
Does 368 divide 2590281?
False
Does 603 divide 29547?
True
Is 640471 a multiple of 279?
False
Is 478 a factor of 61184?
True
Does 164 divide 228944?
True
Does 8 divide 25496?
True
Is 561702 a multiple of 4?
False
Does 50 divide 174700?
True
Does 495 divide 872316?
False
Is 28 a factor of 16539432?
True
Is 7686277 a multiple of 1355?
False
Is 15 a factor of 570330?
True
Is 148260 a multiple of 21?
True
Does 107 divide 418684?
False
Is 43 a factor of 1316918?
True
Is 399568 a multiple of 3?
False
Does 9 divide 787806?
True
Does 14 divide 8730932?
True
Is 448 a factor of 2617731?
False
Is 22425 a multiple of 75?
True
Does 28 divide 262705?
False
Does 296 divide 376494?
False
Does 45 divide 160470?
True
Is 2152336 a multiple of 41?
True
Does 75 divide 2957385?
False
Does 4 divide 1858379?
False
Does 128 divide 260538?
False
Is 311 a factor of 59401?
True
Is 199136 a multiple of 392?
True
Is 45 a factor of 5425959?
False
Is 199 a factor of 36510132?
True
Does 53 divide 60738?
True
Does 4 divide 146398?
False
Is 1363008 a multiple of 32?
True
Does 68 divide 1469208?
True
Is 1243455 a multiple of 3?
True
Does 32 divide 73376?
True
Is 15 a factor of 7639446?
False
Is 3877762 a multiple of 66?
Fals